{"id":3468,"date":"2025-01-29T15:48:15","date_gmt":"2025-01-29T18:48:15","guid":{"rendered":"http:\/\/ppcl.uern.br\/?page_id=3468"},"modified":"2025-01-29T16:24:22","modified_gmt":"2025-01-29T19:24:22","slug":"projetos-de-extensao","status":"publish","type":"page","link":"http:\/\/ppcl.uern.br\/?page_id=3468","title":{"rendered":"Projetos de Extens\u00e3o"},"content":{"rendered":"\t\t<div data-elementor-type=\"wp-page\" data-elementor-id=\"3468\" class=\"elementor elementor-3468\" data-elementor-post-type=\"page\">\n\t\t\t\t<div class=\"elementor-element elementor-element-c43fe99 e-flex e-con-boxed e-con e-parent\" data-id=\"c43fe99\" data-element_type=\"container\">\n\t\t\t\t\t<div class=\"e-con-inner\">\n\t\t\t\t<div class=\"elementor-element elementor-element-3470d12 elementor-widget elementor-widget-text-editor\" data-id=\"3470d12\" data-element_type=\"widget\" data-widget_type=\"text-editor.default\">\n\t\t\t\t<div class=\"elementor-widget-container\">\n\t\t\t\t\t\t\t\t\t<h3><span style=\"color: #0070ba;\">Projetos em Andamento<\/span><\/h3><p><span style=\"color: #0070ba;\"><a style=\"color: #0070ba;\" href=\"https:\/\/tinyurl.com\/falabarroco-10anos\" target=\"_blank\" rel=\"noopener\">FALA, BARROCO:10 ANOS de artes integradas e de transforma\u00e7\u00e3o social<\/a><\/span><br \/><span style=\"color: #000000;\">Coordena\u00e7\u00e3o: Profa. Dra. Leila Maria de Ara\u00fajo Tabosa<\/span><\/p><p><span style=\"color: #0070ba;\"><a style=\"color: #0070ba;\" href=\"https:\/\/tinyurl.com\/cineclube-leitura\" target=\"_blank\" rel=\"noopener\">GenI &#8211; Cineclube e clube de leitura em g\u00eanero, m\u00eddia e interseccionalidade<\/a><\/span><br \/><span style=\"color: #000000;\">Coordena\u00e7\u00e3o: Profa. Dra. Daiany Ferreira Dantas<\/span><\/p><h3><span style=\"color: #0070ba;\">Projetos Conclu\u00eddos\/Desativados<\/span><\/h3>\t\t\t\t\t\t\t\t<\/div>\n\t\t\t\t<\/div>\n\t\t\t\t\t<\/div>\n\t\t\t\t<\/div>\n\t\t\t\t<\/div>\n\t\t","protected":false},"excerpt":{"rendered":"<p>Projetos em Andamento FALA, BARROCO:10 ANOS de artes integradas e de transforma\u00e7\u00e3o socialCoordena\u00e7\u00e3o: Profa. Dra. Leila Maria de Ara\u00fajo Tabosa GenI &#8211; Cineclube e clube de leitura em g\u00eanero, m\u00eddia e interseccionalidadeCoordena\u00e7\u00e3o: Profa. Dra. Daiany Ferreira Dantas Projetos Conclu\u00eddos\/Desativados<\/p>\n","protected":false},"author":5,"featured_media":0,"parent":0,"menu_order":0,"comment_status":"closed","ping_status":"closed","template":"","meta":{"site-sidebar-layout":"no-sidebar","site-content-layout":"page-builder","ast-site-content-layout":"full-width-container","site-content-style":"default","site-sidebar-style":"default","ast-global-header-display":"","ast-banner-title-visibility":"","ast-main-header-display":"","ast-hfb-above-header-display":"","ast-hfb-below-header-display":"","ast-hfb-mobile-header-display":"","site-post-title":"disabled","ast-breadcrumbs-content":"","ast-featured-img":"disabled","footer-sml-layout":"","theme-transparent-header-meta":"","adv-header-id-meta":"","stick-header-meta":"","header-above-stick-meta":"","header-main-stick-meta":"","header-below-stick-meta":"","astra-migrate-meta-layouts":"set","ast-page-background-enabled":"default","ast-page-background-meta":{"desktop":{"background-color":"var(--ast-global-color-4)","background-image":"","background-repeat":"repeat","background-position":"center center","background-size":"auto","background-attachment":"scroll","background-type":"","background-media":"","overlay-type":"","overlay-color":"","overlay-gradient":""},"tablet":{"background-color":"","background-image":"","background-repeat":"repeat","background-position":"center center","background-size":"auto","background-attachment":"scroll","background-type":"","background-media":"","overlay-type":"","overlay-color":"","overlay-gradient":""},"mobile":{"background-color":"","background-image":"","background-repeat":"repeat","background-position":"center center","background-size":"auto","background-attachment":"scroll","background-type":"","background-media":"","overlay-type":"","overlay-color":"","overlay-gradient":""}},"ast-content-background-meta":{"desktop":{"background-color":"var(--ast-global-color-5)","background-image":"","background-repeat":"repeat","background-position":"center center","background-size":"auto","background-attachment":"scroll","background-type":"","background-media":"","overlay-type":"","overlay-color":"","overlay-gradient":""},"tablet":{"background-color":"var(--ast-global-color-5)","background-image":"","background-repeat":"repeat","background-position":"center center","background-size":"auto","background-attachment":"scroll","background-type":"","background-media":"","overlay-type":"","overlay-color":"","overlay-gradient":""},"mobile":{"background-color":"var(--ast-global-color-5)","background-image":"","background-repeat":"repeat","background-position":"center center","background-size":"auto","background-attachment":"scroll","background-type":"","background-media":"","overlay-type":"","overlay-color":"","overlay-gradient":""}},"footnotes":""},"class_list":["post-3468","page","type-page","status-publish","hentry"],"_links":{"self":[{"href":"http:\/\/ppcl.uern.br\/index.php?rest_route=\/wp\/v2\/pages\/3468","targetHints":{"allow":["GET"]}}],"collection":[{"href":"http:\/\/ppcl.uern.br\/index.php?rest_route=\/wp\/v2\/pages"}],"about":[{"href":"http:\/\/ppcl.uern.br\/index.php?rest_route=\/wp\/v2\/types\/page"}],"author":[{"embeddable":true,"href":"http:\/\/ppcl.uern.br\/index.php?rest_route=\/wp\/v2\/users\/5"}],"replies":[{"embeddable":true,"href":"http:\/\/ppcl.uern.br\/index.php?rest_route=%2Fwp%2Fv2%2Fcomments&post=3468"}],"version-history":[{"count":4,"href":"http:\/\/ppcl.uern.br\/index.php?rest_route=\/wp\/v2\/pages\/3468\/revisions"}],"predecessor-version":[{"id":3478,"href":"http:\/\/ppcl.uern.br\/index.php?rest_route=\/wp\/v2\/pages\/3468\/revisions\/3478"}],"wp:attachment":[{"href":"http:\/\/ppcl.uern.br\/index.php?rest_route=%2Fwp%2Fv2%2Fmedia&parent=3468"}],"curies":[{"name":"wp","href":"https:\/\/api.w.org\/{rel}","templated":true}]}}