{"id":2508,"date":"2024-07-11T16:12:53","date_gmt":"2024-07-11T19:12:53","guid":{"rendered":"http:\/\/ppcl.uern.br\/?page_id=2508"},"modified":"2025-08-05T08:17:24","modified_gmt":"2025-08-05T11:17:24","slug":"associacoes","status":"publish","type":"page","link":"http:\/\/ppcl.uern.br\/?page_id=2508","title":{"rendered":"Associa\u00e7\u00f5es"},"content":{"rendered":"\t\t<div data-elementor-type=\"wp-page\" data-elementor-id=\"2508\" class=\"elementor elementor-2508\" data-elementor-post-type=\"page\">\n\t\t\t\t<div class=\"elementor-element elementor-element-9c5bc4e e-flex e-con-boxed e-con e-parent\" data-id=\"9c5bc4e\" data-element_type=\"container\">\n\t\t\t\t\t<div class=\"e-con-inner\">\n\t\t\t\t<div class=\"elementor-element elementor-element-57920fd elementor-widget elementor-widget-text-editor\" data-id=\"57920fd\" data-element_type=\"widget\" data-widget_type=\"text-editor.default\">\n\t\t\t\t<div class=\"elementor-widget-container\">\n\t\t\t\t\t\t\t\t\t<p><span style=\"color: #0000ff;\"><span style=\"color: #000000;\"><strong>A PODES foi criada e tem como atual presidente o docente do PPCL Prof. Dr. Sebasti\u00e3o Cardoso.<\/strong><\/span><\/span><\/p><p><span style=\"color: #0000ff;\"><a style=\"color: #0000ff;\" href=\"https:\/\/www.podes.website\/\" target=\"_blank\" rel=\"noopener\"><img decoding=\"async\" class=\"\" src=\"https:\/\/lirp.cdn-website.com\/8878f015\/dms3rep\/multi\/opt\/imagem+sol+perfil-1056w.jpg\" width=\"200\" height=\"199\" \/><\/a><\/span><\/p><p><span style=\"color: #0000ff;\"><strong><a style=\"color: #0000ff;\" href=\"https:\/\/www.podes.website\/\" target=\"_blank\" rel=\"noopener\">ASSOCIA\u00c7\u00c3O DE ESTUDOS P\u00d3S-COLONIAIS E DECOLONIAIS NO ENSINO, NA CULTURA E NAS LITERATURAS SUL-SUL<\/a><\/strong><\/span><\/p><p><span style=\"color: #0000ff;\"><strong><span style=\"color: #000000;\">Youtube: <\/span><span style=\"text-decoration: underline;\">https:\/\/www.youtube.com\/@podesassociacao5169<\/span><\/strong><\/span><\/p><hr \/><p><span style=\"color: #000000;\"><strong>Adicionalmente, o PPCL participa ativamente como associado\/colaborado das seguintes associa\u00e7\u00f5es:<\/strong><\/span><\/p><hr \/><hr \/><p><span style=\"color: #0000ff;\"><a style=\"color: #0000ff;\" href=\"https:\/\/faubai.org.br\/\" target=\"_blank\" rel=\"noopener\"><img decoding=\"async\" src=\"https:\/\/faubai.org.br\/wp-content\/uploads\/2021\/01\/faubaitop-300x52-1.png\" alt=\"FAUBAI\" \/><\/a><\/span><\/p><p><span style=\"color: #0000ff;\"><a style=\"color: #0000ff;\" href=\"https:\/\/faubai.org.br\/\" target=\"_blank\" rel=\"noopener\"><strong>Associa\u00e7\u00e3o Brasileira de Educa\u00e7\u00e3o Internacional<\/strong><\/a><\/span><\/p><hr \/><p><a href=\"https:\/\/abralin.org\/\" target=\"_blank\" rel=\"noopener\"><span style=\"text-decoration: underline; color: #0000ff;\"><strong>Associa\u00e7\u00e3o Brasileira de Lingu\u00edstica (ABRALIN)<\/strong><\/span><\/a><\/p><hr \/><p><span style=\"text-decoration: underline; color: #0000ff;\"><strong><img decoding=\"async\" class=\"\" src=\"https:\/\/gelne.com.br\/wp-content\/uploads\/2023\/05\/logo.png\" width=\"177\" height=\"73\" \/><\/strong><\/span><\/p><p><a href=\"https:\/\/gelne.com.br\/\" target=\"_blank\" rel=\"noopener\"><span style=\"text-decoration: underline; color: #0000ff;\"><strong>Grupo de Estudos Lingu\u00edsticos do Nordeste<\/strong><\/span><\/a><\/p><hr \/><p><img decoding=\"async\" src=\"https:\/\/anpoll.org.br\/2022\/wp-content\/uploads\/2022\/02\/logo-anpoll-1.png\" alt=\"Anpoll\" \/><\/p><p><a href=\"https:\/\/anpoll.org.br\/\" target=\"_blank\" rel=\"noopener\"><span style=\"text-decoration: underline; color: #0000ff;\"><strong>Associa\u00e7\u00e3o Nacional de P\u00f3s-Gradua\u00e7\u00e3o e Pesquisa em Letras e Lingu\u00edstica<\/strong><\/span><\/a><\/p><hr \/><p><img decoding=\"async\" class=\"\" src=\"https:\/\/www.abraplip.org.br\/assets\/img\/abraplip_preto-topo.jpg\" alt=\"Logo\" width=\"182\" height=\"75\" \/><\/p><p><a href=\"https:\/\/www.abraplip.org.br\/\" target=\"_blank\" rel=\"noopener\"><span style=\"text-decoration: underline; color: #0000ff;\"><strong>Associa\u00e7\u00e3o Brasileira de Professores de Literatura Portuguesa<\/strong><\/span><\/a><\/p><hr \/>\t\t\t\t\t\t\t\t<\/div>\n\t\t\t\t<\/div>\n\t\t\t\t\t<\/div>\n\t\t\t\t<\/div>\n\t\t\t\t<\/div>\n\t\t","protected":false},"excerpt":{"rendered":"<p>A PODES foi criada e tem como atual presidente o docente do PPCL Prof. Dr. Sebasti\u00e3o Cardoso. ASSOCIA\u00c7\u00c3O DE ESTUDOS P\u00d3S-COLONIAIS E DECOLONIAIS NO ENSINO, NA CULTURA E NAS LITERATURAS SUL-SUL Youtube: https:\/\/www.youtube.com\/@podesassociacao5169 Adicionalmente, o PPCL participa ativamente como associado\/colaborado das seguintes associa\u00e7\u00f5es: Associa\u00e7\u00e3o Brasileira de Educa\u00e7\u00e3o Internacional Associa\u00e7\u00e3o Brasileira de Lingu\u00edstica (ABRALIN) Grupo de [&hellip;]<\/p>\n","protected":false},"author":5,"featured_media":0,"parent":0,"menu_order":0,"comment_status":"closed","ping_status":"closed","template":"","meta":{"site-sidebar-layout":"no-sidebar","site-content-layout":"page-builder","ast-site-content-layout":"full-width-container","site-content-style":"default","site-sidebar-style":"default","ast-global-header-display":"","ast-banner-title-visibility":"","ast-main-header-display":"","ast-hfb-above-header-display":"","ast-hfb-below-header-display":"","ast-hfb-mobile-header-display":"","site-post-title":"disabled","ast-breadcrumbs-content":"","ast-featured-img":"disabled","footer-sml-layout":"","theme-transparent-header-meta":"","adv-header-id-meta":"","stick-header-meta":"","header-above-stick-meta":"","header-main-stick-meta":"","header-below-stick-meta":"","astra-migrate-meta-layouts":"set","ast-page-background-enabled":"default","ast-page-background-meta":{"desktop":{"background-color":"var(--ast-global-color-4)","background-image":"","background-repeat":"repeat","background-position":"center center","background-size":"auto","background-attachment":"scroll","background-type":"","background-media":"","overlay-type":"","overlay-color":"","overlay-opacity":"","overlay-gradient":""},"tablet":{"background-color":"","background-image":"","background-repeat":"repeat","background-position":"center center","background-size":"auto","background-attachment":"scroll","background-type":"","background-media":"","overlay-type":"","overlay-color":"","overlay-opacity":"","overlay-gradient":""},"mobile":{"background-color":"","background-image":"","background-repeat":"repeat","background-position":"center center","background-size":"auto","background-attachment":"scroll","background-type":"","background-media":"","overlay-type":"","overlay-color":"","overlay-opacity":"","overlay-gradient":""}},"ast-content-background-meta":{"desktop":{"background-color":"var(--ast-global-color-5)","background-image":"","background-repeat":"repeat","background-position":"center center","background-size":"auto","background-attachment":"scroll","background-type":"","background-media":"","overlay-type":"","overlay-color":"","overlay-opacity":"","overlay-gradient":""},"tablet":{"background-color":"var(--ast-global-color-5)","background-image":"","background-repeat":"repeat","background-position":"center center","background-size":"auto","background-attachment":"scroll","background-type":"","background-media":"","overlay-type":"","overlay-color":"","overlay-opacity":"","overlay-gradient":""},"mobile":{"background-color":"var(--ast-global-color-5)","background-image":"","background-repeat":"repeat","background-position":"center center","background-size":"auto","background-attachment":"scroll","background-type":"","background-media":"","overlay-type":"","overlay-color":"","overlay-opacity":"","overlay-gradient":""}},"footnotes":""},"class_list":["post-2508","page","type-page","status-publish","hentry"],"_links":{"self":[{"href":"http:\/\/ppcl.uern.br\/index.php?rest_route=\/wp\/v2\/pages\/2508","targetHints":{"allow":["GET"]}}],"collection":[{"href":"http:\/\/ppcl.uern.br\/index.php?rest_route=\/wp\/v2\/pages"}],"about":[{"href":"http:\/\/ppcl.uern.br\/index.php?rest_route=\/wp\/v2\/types\/page"}],"author":[{"embeddable":true,"href":"http:\/\/ppcl.uern.br\/index.php?rest_route=\/wp\/v2\/users\/5"}],"replies":[{"embeddable":true,"href":"http:\/\/ppcl.uern.br\/index.php?rest_route=%2Fwp%2Fv2%2Fcomments&post=2508"}],"version-history":[{"count":37,"href":"http:\/\/ppcl.uern.br\/index.php?rest_route=\/wp\/v2\/pages\/2508\/revisions"}],"predecessor-version":[{"id":4090,"href":"http:\/\/ppcl.uern.br\/index.php?rest_route=\/wp\/v2\/pages\/2508\/revisions\/4090"}],"wp:attachment":[{"href":"http:\/\/ppcl.uern.br\/index.php?rest_route=%2Fwp%2Fv2%2Fmedia&parent=2508"}],"curies":[{"name":"wp","href":"https:\/\/api.w.org\/{rel}","templated":true}]}}