{"id":171,"date":"2023-09-04T20:16:49","date_gmt":"2023-09-04T23:16:49","guid":{"rendered":"http:\/\/ppcl.uern.br?page_id=171"},"modified":"2025-06-24T13:45:51","modified_gmt":"2025-06-24T16:45:51","slug":"calendario","status":"publish","type":"page","link":"http:\/\/ppcl.uern.br\/?page_id=171","title":{"rendered":"Calend\u00e1rio do PPCL"},"content":{"rendered":"\t\t<div data-elementor-type=\"wp-page\" data-elementor-id=\"171\" class=\"elementor elementor-171\" data-elementor-post-type=\"page\">\n\t\t\t\t<div class=\"elementor-element elementor-element-cc736e5 e-flex e-con-boxed e-con e-parent\" data-id=\"cc736e5\" data-element_type=\"container\">\n\t\t\t\t\t<div class=\"e-con-inner\">\n\t\t<div class=\"elementor-element elementor-element-2ec213e e-flex e-con-boxed e-con e-child\" data-id=\"2ec213e\" data-element_type=\"container\">\n\t\t\t\t\t<div class=\"e-con-inner\">\n\t\t<div class=\"elementor-element elementor-element-2e468ea e-con-full e-flex e-con e-child\" data-id=\"2e468ea\" data-element_type=\"container\" data-settings=\"{&quot;background_background&quot;:&quot;classic&quot;}\">\n\t\t\t\t<div class=\"elementor-element elementor-element-f287fe2 elementor-widget__width-initial elementor-widget elementor-widget-image\" data-id=\"f287fe2\" data-element_type=\"widget\" data-widget_type=\"image.default\">\n\t\t\t\t<div class=\"elementor-widget-container\">\n\t\t\t\t\t\t\t\t\t\t\t\t\t\t\t<img decoding=\"async\" src=\"http:\/\/ppcl.uern.br\/wp-content\/uploads\/2024\/05\/image.jpeg\" title=\"\" alt=\"\" loading=\"lazy\" \/>\t\t\t\t\t\t\t\t\t\t\t\t\t\t\t<\/div>\n\t\t\t\t<\/div>\n\t\t\t\t<\/div>\n\t\t<div class=\"elementor-element elementor-element-04d0de8 e-flex e-con-boxed e-con e-child\" data-id=\"04d0de8\" data-element_type=\"container\">\n\t\t\t\t\t<div class=\"e-con-inner\">\n\t\t<div class=\"elementor-element elementor-element-5a7a67d e-flex e-con-boxed e-con e-child\" data-id=\"5a7a67d\" data-element_type=\"container\" data-settings=\"{&quot;background_background&quot;:&quot;classic&quot;}\">\n\t\t\t\t\t<div class=\"e-con-inner\">\n\t\t\t\t<div class=\"elementor-element elementor-element-9454bb4 elementor-widget elementor-widget-heading\" data-id=\"9454bb4\" data-element_type=\"widget\" data-widget_type=\"heading.default\">\n\t\t\t\t<div class=\"elementor-widget-container\">\n\t\t\t\t\t<h2 class=\"elementor-heading-title elementor-size-default\">Calend\u00e1rio do PPCL 2025<\/h2>\t\t\t\t<\/div>\n\t\t\t\t<\/div>\n\t\t\t\t\t<\/div>\n\t\t\t\t<\/div>\n\t\t\t\t<div class=\"elementor-element elementor-element-fe23d6e elementor-widget elementor-widget-text-editor\" data-id=\"fe23d6e\" data-element_type=\"widget\" data-widget_type=\"text-editor.default\">\n\t\t\t\t<div class=\"elementor-widget-container\">\n\t\t\t\t\t\t\t\t\t<h4><span style=\"color: #000000;\">Fevereiro<\/span><\/h4><ul><li><span style=\"color: #000000;\"><b>03\/02\/2025<\/b><\/span><br clear=\"all\" \/><span style=\"color: #000000;\">In\u00edcio do Semestre 2025.1<\/span><\/li><li><span style=\"color: #000000;\"><b>03 a 09\/02\/2025<\/b><\/span><br clear=\"all\" \/><span style=\"color: #000000;\">Matr\u00edcula dos(as) Alunos(as) Regulares<\/span><\/li><li><span style=\"color: #000000;\"><b>11 a 16\/02\/2025<\/b><\/span><br clear=\"all\" \/><span style=\"color: #000000;\">Ajustes de Matr\u00edculas<\/span><\/li><li><span style=\"color: #000000;\"><b>17\/02\/2025<\/b><\/span><br clear=\"all\" \/><span style=\"color: #000000;\">In\u00edcio das Aulas<\/span><\/li><li><span style=\"color: #000000;\"><b>25\/02\/2025 (14h30)<\/b><\/span><br clear=\"all\" \/><span style=\"color: #000000;\">Reuni\u00e3o Ordin\u00e1ria do Colegiado<\/span><\/li><\/ul><h4><span style=\"color: #000000;\">Mar\u00e7o<\/span><\/h4><ul><li><span style=\"color: #000000;\"><b>26\/03\/2025 (10h40)<\/b><\/span><br clear=\"all\" \/><span style=\"color: #000000;\">Reuni\u00e3o Ordin\u00e1ria do Colegiado<\/span><\/li><\/ul><h4><span style=\"color: #000000;\">Abril<\/span><\/h4><ul><li><span style=\"color: #000000;\"><b>At\u00e9 04\/04\/2025<\/b><\/span><br clear=\"all\" \/><span style=\"color: #000000;\">Trancamento de disciplina\/semestre<\/span><\/li><li><span style=\"color: #000000;\"><b>24\/04\/2025 (14h30)<\/b><\/span><br clear=\"all\" \/><span style=\"color: #000000;\">Reuni\u00e3o Ordin\u00e1ria do Colegiado<\/span><\/li><\/ul><h4><span style=\"color: #000000;\">Maio<\/span><\/h4><ul><li><span style=\"color: #000000;\"><b>23\/05\/2025 (10h40)<\/b><\/span><br clear=\"all\" \/><span style=\"color: #000000;\">Reuni\u00e3o Ordin\u00e1ria do Colegiado<\/span><\/li><\/ul><h4><span style=\"color: #000000;\">Junho<\/span><\/h4><ul><li><span style=\"color: #000000;\"><b>23\/06\/2025<\/b><\/span><br clear=\"all\" \/><span style=\"color: #000000;\">Publica\u00e7\u00e3o do Edital de Sele\u00e7\u00e3o de Alunos(as) Especiais<\/span><\/li><li><span style=\"color: #000000;\"><b>30\/06\/2025 (14h30)<\/b><\/span><br clear=\"all\" \/><span style=\"color: #000000;\">Reuni\u00e3o Ordin\u00e1ria do Colegiado<\/span><\/li><\/ul><h4><span style=\"color: #000000;\">Julho<\/span><\/h4><ul><li><span style=\"color: #000000;\"><b>05\/07\/2025<\/b><\/span><br clear=\"all\" \/><span style=\"color: #000000;\">\u00daltimo dia de aulas do Semestre 2025.1<\/span><\/li><li><span style=\"color: #000000;\"><b>11\/07\/2025<\/b><\/span><br clear=\"all\" \/><span style=\"color: #000000;\">\u00daltimo dia para consolida\u00e7\u00e3o de turmas no SIGAA<\/span><\/li><li><span style=\"color: #000000;\"><b>11\/07\/2025<\/b><\/span><br clear=\"all\" \/><span style=\"color: #000000;\">Fim do Semestre 2025.1<\/span><\/li><li><span style=\"color: #000000;\"><b>21 a 27\/07\/2025<\/b><\/span><br clear=\"all\" \/><span style=\"color: #000000;\">Matr\u00edcula Curricular dos(as) Alunos(as) Regulares<\/span><\/li><li><span style=\"color: #000000;\"><b>29\/07\/2025 (10h40)<\/b><\/span><br clear=\"all\" \/><span style=\"color: #000000;\">Reuni\u00e3o Ordin\u00e1ria do Colegiado<\/span><\/li><li><span style=\"color: #000000;\"><b>29\/07\/2025<\/b><\/span><br clear=\"all\" \/><span style=\"color: #000000;\">In\u00edcio do Semestre 2025.2<\/span><\/li><li><span style=\"color: #000000;\"><b>29\/07 a 03\/08\/2025<\/b><\/span><br clear=\"all\" \/><span style=\"color: #000000;\">Ajustes de Matr\u00edcula<\/span><\/li><\/ul><h4><span style=\"color: #000000;\">Agosto<\/span><\/h4><ul><li><span style=\"color: #000000;\"><b>04\/08\/2025<\/b><\/span><br clear=\"all\" \/><span style=\"color: #000000;\">In\u00edcio das Aulas do Semestre 2025.2<\/span><\/li><li><span style=\"color: #000000;\"><b>04 e 05\/08\/2025<\/b><\/span><br clear=\"all\" \/><span style=\"color: #000000;\">Matr\u00edcula dos(as) Alunos(as) Especiais<\/span><\/li><li><span style=\"color: #000000;\"><b>27\/08\/2025 (14h30)<\/b><\/span><br clear=\"all\" \/><span style=\"color: #000000;\">Reuni\u00e3o Ordin\u00e1ria do Colegiado<\/span><\/li><\/ul><h4><span style=\"color: #000000;\">Setembro<\/span><\/h4><ul><li><span style=\"color: #000000;\"><b>15\/09\/2025<\/b><\/span><br clear=\"all\" \/><span style=\"color: #000000;\">\u00daltimo Dia para Trancamento de Disciplina\/Semestre<\/span><\/li><li><span style=\"color: #000000;\"><b>25\/09\/2025 (10h40)<\/b><\/span><br clear=\"all\" \/><span style=\"color: #000000;\">Reuni\u00e3o Ordin\u00e1ria do Colegiado<\/span><\/li><\/ul><h4><span style=\"color: #000000;\">Outubro<\/span><\/h4><ul><li><span style=\"color: #000000;\"><b>31\/10\/2025 (14h30)<\/b><\/span><br clear=\"all\" \/><span style=\"color: #000000;\">Reuni\u00e3o Ordin\u00e1ria do Colegiado<\/span><\/li><\/ul><h4><span style=\"color: #000000;\">Novembro<\/span><\/h4><ul><li><span style=\"color: #000000;\"><b>24\/11\/2025 (10h40)<\/b><\/span><br clear=\"all\" \/><span style=\"color: #000000;\">Reuni\u00e3o Ordin\u00e1ria do Colegiado<\/span><\/li><\/ul><h4><span style=\"color: #000000;\">Dezembro<\/span><\/h4><ul><li><span style=\"color: #000000;\"><b>12\/12\/2025<\/b><\/span><br clear=\"all\" \/><span style=\"color: #000000;\">\u00daltimo Dia de Aulas do Semestre 2025.2<\/span><\/li><li><span style=\"color: #000000;\"><b>16\/12\/2025 (14h30)<\/b><\/span><br clear=\"all\" \/><span style=\"color: #000000;\">Reuni\u00e3o Ordin\u00e1ria do Colegiado<\/span><\/li><li><span style=\"color: #000000;\"><b>19\/12\/2025<\/b><\/span><br clear=\"all\" \/><span style=\"color: #000000;\">\u00daltimo Dia para Consolida\u00e7\u00e3o de Turmas<\/span><\/li><li><span style=\"color: #000000;\"><b>19\/12\/2025<\/b><\/span><br clear=\"all\" \/><span style=\"color: #000000;\">Fim do Semestre 2025.2<\/span><\/li><\/ul>\t\t\t\t\t\t\t\t<\/div>\n\t\t\t\t<\/div>\n\t\t\t\t\t<\/div>\n\t\t\t\t<\/div>\n\t\t\t\t\t<\/div>\n\t\t\t\t<\/div>\n\t\t\t\t\t<\/div>\n\t\t\t\t<\/div>\n\t\t<div class=\"elementor-element elementor-element-6c973bc e-flex e-con-boxed e-con e-parent\" data-id=\"6c973bc\" data-element_type=\"container\">\n\t\t\t\t\t<div class=\"e-con-inner\">\n\t\t\t\t\t<\/div>\n\t\t\t\t<\/div>\n\t\t\t\t<\/div>\n\t\t","protected":false},"excerpt":{"rendered":"<p>Calend\u00e1rio do PPCL 2025 Fevereiro 03\/02\/2025In\u00edcio do Semestre 2025.1 03 a 09\/02\/2025Matr\u00edcula dos(as) Alunos(as) Regulares 11 a 16\/02\/2025Ajustes de Matr\u00edculas 17\/02\/2025In\u00edcio das Aulas 25\/02\/2025 (14h30)Reuni\u00e3o Ordin\u00e1ria do Colegiado Mar\u00e7o 26\/03\/2025 (10h40)Reuni\u00e3o Ordin\u00e1ria do Colegiado Abril At\u00e9 04\/04\/2025Trancamento de disciplina\/semestre 24\/04\/2025 (14h30)Reuni\u00e3o Ordin\u00e1ria do Colegiado Maio 23\/05\/2025 (10h40)Reuni\u00e3o Ordin\u00e1ria do Colegiado Junho 23\/06\/2025Publica\u00e7\u00e3o do Edital de [&hellip;]<\/p>\n","protected":false},"author":4,"featured_media":0,"parent":0,"menu_order":0,"comment_status":"closed","ping_status":"closed","template":"","meta":{"site-sidebar-layout":"no-sidebar","site-content-layout":"page-builder","ast-site-content-layout":"full-width-container","site-content-style":"unboxed","site-sidebar-style":"unboxed","ast-global-header-display":"","ast-banner-title-visibility":"","ast-main-header-display":"","ast-hfb-above-header-display":"","ast-hfb-below-header-display":"","ast-hfb-mobile-header-display":"","site-post-title":"disabled","ast-breadcrumbs-content":"","ast-featured-img":"disabled","footer-sml-layout":"","theme-transparent-header-meta":"","adv-header-id-meta":"","stick-header-meta":"","header-above-stick-meta":"","header-main-stick-meta":"","header-below-stick-meta":"","astra-migrate-meta-layouts":"set","ast-page-background-enabled":"default","ast-page-background-meta":{"desktop":{"background-color":"var(--ast-global-color-4)","background-image":"","background-repeat":"repeat","background-position":"center center","background-size":"auto","background-attachment":"scroll","background-type":"","background-media":"","overlay-type":"","overlay-color":"","overlay-opacity":"","overlay-gradient":""},"tablet":{"background-color":"","background-image":"","background-repeat":"repeat","background-position":"center center","background-size":"auto","background-attachment":"scroll","background-type":"","background-media":"","overlay-type":"","overlay-color":"","overlay-opacity":"","overlay-gradient":""},"mobile":{"background-color":"","background-image":"","background-repeat":"repeat","background-position":"center center","background-size":"auto","background-attachment":"scroll","background-type":"","background-media":"","overlay-type":"","overlay-color":"","overlay-opacity":"","overlay-gradient":""}},"ast-content-background-meta":{"desktop":{"background-color":"var(--ast-global-color-5)","background-image":"","background-repeat":"repeat","background-position":"center center","background-size":"auto","background-attachment":"scroll","background-type":"","background-media":"","overlay-type":"","overlay-color":"","overlay-opacity":"","overlay-gradient":""},"tablet":{"background-color":"var(--ast-global-color-5)","background-image":"","background-repeat":"repeat","background-position":"center center","background-size":"auto","background-attachment":"scroll","background-type":"","background-media":"","overlay-type":"","overlay-color":"","overlay-opacity":"","overlay-gradient":""},"mobile":{"background-color":"var(--ast-global-color-5)","background-image":"","background-repeat":"repeat","background-position":"center center","background-size":"auto","background-attachment":"scroll","background-type":"","background-media":"","overlay-type":"","overlay-color":"","overlay-opacity":"","overlay-gradient":""}},"footnotes":""},"class_list":["post-171","page","type-page","status-publish","hentry"],"_links":{"self":[{"href":"http:\/\/ppcl.uern.br\/index.php?rest_route=\/wp\/v2\/pages\/171","targetHints":{"allow":["GET"]}}],"collection":[{"href":"http:\/\/ppcl.uern.br\/index.php?rest_route=\/wp\/v2\/pages"}],"about":[{"href":"http:\/\/ppcl.uern.br\/index.php?rest_route=\/wp\/v2\/types\/page"}],"author":[{"embeddable":true,"href":"http:\/\/ppcl.uern.br\/index.php?rest_route=\/wp\/v2\/users\/4"}],"replies":[{"embeddable":true,"href":"http:\/\/ppcl.uern.br\/index.php?rest_route=%2Fwp%2Fv2%2Fcomments&post=171"}],"version-history":[{"count":113,"href":"http:\/\/ppcl.uern.br\/index.php?rest_route=\/wp\/v2\/pages\/171\/revisions"}],"predecessor-version":[{"id":3972,"href":"http:\/\/ppcl.uern.br\/index.php?rest_route=\/wp\/v2\/pages\/171\/revisions\/3972"}],"wp:attachment":[{"href":"http:\/\/ppcl.uern.br\/index.php?rest_route=%2Fwp%2Fv2%2Fmedia&parent=171"}],"curies":[{"name":"wp","href":"https:\/\/api.w.org\/{rel}","templated":true}]}}